e remainder when (-7 + 3 - -31) + w is divided by 5?
2
Suppose 300*y - 3360 - 1851 = 1989. What is the remainder when 16796 is divided by y?
20
Let x = -23240 - -23258. What is the remainder when 3775 is divided by x?
13
Let u be (-264)/(-28) + 9/(-21). Let j(n) = -5*n + 68. What is the remainder when j(u) is divided by 3?
2
Let o = -429 - -605. Let p(f) = 4*f**2 + 203*f - 622. Calculate the remainder when o is divided by p(3).
15
Let u = 1237 + -829. Calculate the remainder when u is divided by 94.
32
Suppose -2722*k + 2731*k = 90. Calculate the remainder when 58 is divided by k.
8
Calculate the remainder when 13017 is divided by 29 - (7980/(-1365) - 4/26).
32
Suppose -112*y + 9*y = -412. Calculate the remainder when 5187 is divided by y.
3
Let s = 10329 - 9528. Calculate the remainder when s is divided by 790.
11
Suppose 3*c + 41 = d, 5*d - 85 = 3*d + 3*c. Let p = d + -42. Suppose -p*b - 5*t = -97, -6*t + 186 = 4*b - 4*t. What is the remainder when b is divided by 12?
10
Let x = -800 + 1470. What is the remainder when 36/(-42) + x/14 is divided by 26?
21
Let l = 575 + -588. Let g(n) = -6*n - 67. Calculate the remainder when 58 is divided by g(l).
3
Let c(z) = 2*z**3 - 4*z**2 + z - 4. Suppose 24*l + 3*l - 8*l - 2888 = 0. What is the remainder when l is divided by c(3)?
16
Let w = 2893 - 2873. What is the remainder when 28 is divided by w?
8
Let l(h) = h**2 - 32*h - 1383. Calculate the remainder when 650 is divided by l(57).
20
Suppose -5*d + 44*v + 4886 = 45*v, 5*v + 20 = 0. Calculate the remainder when d is divided by 28.
26
Suppose -2*h - 6 = 0, -327*u - 4*h - 2867 = -332*u. Calculate the remainder when 1143 is divided by u.
1
Let y be (2/3)/((-7)/(34524/8)). Let b = y + 441. What is the remainder when 239 is divided by b?
29
Let l = 18 - 11. Calculate the remainder when (-2595)/(-35) - (-30)/35 is divided by l.
5
Suppose 80 = 4*n - 3*v, -7*v + 4*v = 0. Let f = 96 - 94. Suppose 2*t - 126 = -f*s, 4*t + 2*s - 28 = 230. Calculate the remainder when t is divided by n.
6
Let u(v) = -19*v**3 + v**2 + v + 1. Suppose -5*m = -7 + 12. Let n(a) = -7*a - 48. Calculate the remainder when n(-17) is divided by u(m).
11
Let m = -8064 + 8236. Calculate the remainder when 1539 is divided by m.
163
Let z = -53 - -53. Suppose z = -2*j + 28 + 12. What is the remainder when 76 is divided by j?
16
Let n be -180*(2 - 3)*18/(-8). Let l = n - -416. What is the remainder when 1/((1/(-20))/(-1)) is divided by l?
9
Let b(d) = 2*d**2 - 19*d - 39. Let k = -571 + 593. Calculate the remainder when b(k) is divided by 32.
31
Let g(d) = -2*d**2 - 35*d + 659. What is the remainder when g(-27) is divided by 1?
0
Let o(h) = -372*h - 2. Calculate the remainder when o(-2) is divided by 191.
169
Suppose z - 74 = -0*z. What is the remainder when z is divided by 12374/506 - ((-6)/7)/(11/7)?
24
Suppose 19*i - 562 = -125. Suppose i*l - 184 = 644. Calculate the remainder when 143*(-2 + 3) + -1 is divided by l.
34
Let a = 20 - -2. Let z = -148 + 150. Suppose 0 = 5*j + q - 18 - 9, -3*j = -z*q - 24. Calculate the remainder when a is divided by j.
4
Let m = -3741 - -106. Calculate the remainder when 16/(-48) + m/(-15) is divided by 27.
26
Let n(f) = -f**3 - 8*f**2 - 9*f - 3. Let p be (1 + 21/(-15))*-25*2. Suppose -19*m = -p*m + 18. What is the remainder when n(-8) is divided by m?
15
Let i = -17 - -32. Calculate the remainder when 6/66 + ((-3497)/11)/(20 - 21) + 6 is divided by i.
9
Let a = 5 + 11. Let y be 4/(-16)*-2*6. Let f = y + a. Calculate the remainder when 94 is divided by f.
18
Let d = 3087 - 3021. Calculate the remainder when d is divided by 32.
2
Suppose 205*t = 170*t + 4375. Calculate the remainder when t is divided by 122.
3
Let h(b) = -4*b - 19. Let x(z) = z - 2. Let i(g) = -h(g) - 2*x(g). Calculate the remainder when i(11) is divided by 19.
7
Let z(d) = d**2 + 6*d - 225. Let r be z(0). Calculate the remainder when 13/((-130)/(-8))*r/(-6) is divided by 11.
8
Let o(n) = 104*n**3 + 39*n**2 - 12*n + 5. Calculate the remainder when o(2) is divided by 12.
9
Let c be 145 - -7 - (-5)/((-20)/(-4)). Suppose -96*s + 105*s - c = 0. Let m = 21 + -15. What is the remainder when s is divided by m?
5
Suppose 20*m - 560 = 12*m. Let v(y) = y + 16. Let t be v(0). Suppose m = -9*h + t*h. What is the remainder when 27 is divided by h?
7
Suppose 2*s + 24 - 40 = 0. Let o(a) = -a**3 + 19*a**2 + 5*a + 11. Calculate the remainder when o(s) is divided by 42.
41
Suppose 3*l + l - 16 = -v, 2*v - 23 = -5*l. Suppose -4*o + 6403*n - 6407*n = -156, -4*o + 2*n = -108. What is the remainder when o is divided by v?
3
Suppose 8290 = 5*h - 4*y, 3*y - 5898 - 2357 = -5*h. What is the remainder when h is divided by 45?
34
Let u(l) = -2*l + 12. Let n be u(0). Suppose -25 - 13 = -2*m. What is the remainder when m is divided by -6 - n*24/(-32)?
1
Suppose -5*x - 3 - 2 = 2*n, 3*n - 2*x + 55 = 0. Let t(h) = -2*h**2 - 23*h - 22. Let v be t(n). Let b = 186 + v. What is the remainder when b is divided by 12?
11
Let o(x) = 3*x**2 + 4*x - 1. Let l be 3 + (10 - (-4 - -5)). Calculate the remainder when o(-3) is divided by 18/l*(5 - 3).
2
Let n(s) = s**2 + 134*s + 587. What is the remainder when n(26) is divided by 790?
7
Suppose t - 205 = 3*q, 2*q = 3*t - 2*q - 630. Let m = t - 137. What is the remainder when m is divided by 70?
7
Calculate the remainder when 3 - -9861*(-4)/(-4) - (-6 + 7) is divided by 9.
8
Let j(i) = -18*i + 1484. Calculate the remainder when j(43) is divided by 105.
80
Calculate the remainder when 3541 is divided by (-815)/(-35) - (52/(-14) - (-12 - -8)).
22
Let j(i) = 4*i**2 - i + 2. Let p be ((-2)/5)/((-2)/10). Let z = -34196 - -34202. What is the remainder when j(p) is divided by z?
4
Let c(n) = 11*n**3 + n**2 + 5*n - 5. Suppose -35*p - 1640 = -75*p. What is the remainder when c(2) is divided by p?
15
Let n be 2 - ((-3)/4 + (-18)/72). Let l(z) be the second derivative of 5*z**3/6 + 5*z**2/2 + 3*z. What is the remainder when 38 is divided by l(n)?
18
Let g = 393 + -375. Let q = -8 - -12. What is the remainder when (q + -5)/(3/(-159)) is divided by g?
17
Let c = -94 + 104. Suppose c = -2*y, 639 = 3*g + 4*y + 35. Let h = g - 117. Calculate the remainder when h is divided by 24.
19
Let r = 314 - 297. Suppose -3*l - 113 = -668. Let d = l - -52. What is the remainder when d is divided by r?
16
Suppose 2*i + 3*n = 75, -5*i - 2*n + 215 = -0*n. What is the remainder when 137 is divided by i?
2
Suppose -8*r - 244 = -4*r. Calculate the remainder when 2*r*(0 + (-7)/14) is divided by 7.
5
Let x = 28 - 14. Let q(v) = v + 5. Let n be q(3). Suppose n*r + 53 = 9*r. Calculate the remainder when r is divided by x.
11
Suppose 17061 - 4513 = 5*q - 11*l, -l - 3 = 0. Calculate the remainder when q is divided by 500.
3
Let q = 99 + -85. Suppose q*c - 2200 = -11*c. What is the remainder when c is divided by 31?
26
Suppose 0 = 75*q - 21455 + 4205. Calculate the remainder when q is divided by 25.
5
Let m = 1500 - 422. Suppose -11*h = 11*h - m. What is the remainder when 438 is divided by h?
46
Let g = 4031 + -2321. What is the remainder when g is divided by 570?
0
Let y be 1 + -1 + (735 - 5). Let x = 1100 - y. Calculate the remainder when x is divided by 12.
10
Suppose 24*x + 47 + 73 = 0. Suppose -6 = 3*b, 0 = 3*g + 5*b - 24 - 35. Calculate the remainder when g is divided by (-16)/5*x/2.
7
Let o(n) = n**3 - 11*n**2 + 29*n - 626. Let j(p) = 3*p**2 + 7*p + 8. What is the remainder when o(14) is divided by j(-6)?
72
Let g = 62 + -59. Suppose 63 = -g*y + 6*y. Suppose 2*m - y = 69. Calculate the remainder when 177 is divided by m.
42
Let i(f) = 4*f - 5. Let r = 4179 - 4115. Calculate the remainder when r is divided by i(7).
18
Suppose -15093 = -30*g - 87*g. Calculate the remainder when 1023 is divided by g.
120
Let j(m) = 286*m**2 - 13*m + 42. What is the remainder when j(-3) is divided by 140?
135
Suppose 0 = v + 5, v = -4*h - v - 22. Let t = -2851 + 2957. Calculate the remainder when t is divided by 36 + h + 0 + 3.
34
Suppose 3*f + 4*s - 51 - 255 = 0, s = -6*f + 549. What is the remainder when 7469 is divided by f?
89
Let u = 163 + -53. Suppose 3*p + 5*j = 24, 19*p - 15*p + 5*j = 37. Suppose 26*b = p*b + 364. What is the remainder when u is divided by b?
26
What is the remainder when 4182 is divided by 407/3 + 15*(-36)/810?
132
Su